divided by 47.
42
Suppose 17*t - 44*t + 918 = 0. Suppose a + 2*a - 36 = 0. What is the remainder when t is divided by a?
10
Let t be (0 + -1)/(3*(-2)/546). Let q = t - 87. What is the remainder when 16 is divided by q?
0
What is the remainder when (-104)/26 - (1 + -151) is divided by 7?
6
Let d = 112 + -108. Suppose 0 = 5*y + 5, z + y = d*y + 25. What is the remainder when z is divided by 15?
7
Let z be 128 + (-2 + 1)*0. Suppose 3*d - z = 2*d. What is the remainder when d is divided by 43?
42
Suppose -2 = z - 0*z, 4*l = 3*z + 38. What is the remainder when 68 is divided by l?
4
Suppose 44 = q - 7. Suppose -25 = 3*n - n + 5*y, 0 = 2*y - 6. Let i = n + 33. Calculate the remainder when q is divided by i.
12
Suppose 47 = 5*y + 17. Let o(m) = -m**3 - 2*m**2 - 3*m - 4. Calculate the remainder when o(-3) is divided by y.
2
Suppose -5*f - 4*n = -3*n - 186, 2*n - 39 = -f. Suppose -i + 3*d + 14 = 0, 5*i - 3*i + 3*d = f. What is the remainder when i is divided by 6?
5
Suppose 3*l - 2*j = 151, 3*j = 2*l - j - 98. What is the remainder when l is divided by 5*150/125*26/6?
25
Suppose 328 = 4*u - 3*s, u - s - 77 = s. Suppose 5*w = 6*w - u. Let t = 10 + 12. Calculate the remainder when w is divided by t.
19
Suppose 5*v - 5*z = 35, -v - 9*z + 15 = -12*z. Calculate the remainder when 184 is divided by v.
1
Let d be (-30)/9*(-9)/3. Calculate the remainder when d/((-141)/(-45) + -3) is divided by (39/(-12))/((-2)/8).
10
Let i(k) = -k**2 - 6*k - 2. Let r be i(-5). Suppose 0 = -5*a + v + 145, -r*a + 7*v + 99 = 4*v. Let m = 41 - a. What is the remainder when 25 is divided by m?
12
Let l(m) = m**2 - m. Let n(c) = -4*c**2 - 6*c - 10. Let v(z) = -5*l(z) - n(z). Calculate the remainder when 24 is divided by v(11).
4
Suppose 0 = 5*u - 25 - 20. Let r = 44901 + -44880. Calculate the remainder when r is divided by u.
3
Let s(d) = -25*d - 1055. Calculate the remainder when s(-72) is divided by 68.
65
Let y(c) = -c + 7. Let o be y(3). Suppose -o*r + 2 = -2*q - 0*r, 3*r = 3*q - 9. Suppose -3*z - 76 = -q*z. Calculate the remainder when 54 is divided by z.
16
What is the remainder when 125/(((-85)/10)/(-17)) is divided by 81?
7
Suppose -25*k + 1532 + 3093 = 0. Calculate the remainder when k is divided by (-616)/(-20) + (-3)/(-15).
30
Let p = 3124 + -3118. Let d = 17 + -28. Calculate the remainder when p is divided by d/(-3) - (-4)/12.
2
Let v(x) = x**2 + 20*x - 14. Let m be v(-22). Let y = -13 + m. What is the remainder when 49 is divided by y?
15
Suppose 0 = 90*p - 95*p + 620. What is the remainder when p is divided by 7?
5
Let d be (-2)/(-4) - 4/8. Suppose -5*a + 4*a + 3 = d. Suppose 6*l = 2*l + 24. Calculate the remainder when l is divided by a.
0
Suppose -5 = -4*f - f. Suppose -w - f = 1, w + 128 = 2*h. Let k(q) = 9*q - 20. Calculate the remainder when h is divided by k(4).
15
Let p(a) = a**3 + 10*a**2 + 11*a - 5. Let n be p(-8). Suppose z + 55 = 5*d - 4*z, -d + n = 5*z. Calculate the remainder when d is divided by 5 + -2 + 4 - -1.
7
What is the remainder when -3*(-19)/(-114)*(-74 + 0) is divided by 9?
1
Suppose -3*v = 14 - 35. What is the remainder when 116 is divided by v?
4
Suppose -42*g + 40*g = -44. What is the remainder when 112 is divided by g?
2
Let c be (-4)/5 - 3783/65. Let w = 8 - c. Calculate the remainder when w is divided by 23.
21
Let k(x) = 14*x - 112. Calculate the remainder when 94 is divided by k(11).
10
Let i = -92 - -101. What is the remainder when 14 is divided by i?
5
Suppose 6 = -f + 76. Calculate the remainder when 277 is divided by f.
67
Let m = -57 - -61. Suppose 4*i - 3*v - 127 = 0, -2*i + 21 + 45 = -m*v. Calculate the remainder when i is divided by 17.
14
Let s(k) = 3*k - 37. Let j be s(15). Suppose 4*h - j - 116 = 0. Calculate the remainder when h is divided by 18.
13
What is the remainder when (3/6)/((-9)/(-2340)) is divided by 35?
25
Let s = 52 - 77. What is the remainder when (11/(-22))/((-1)/(-4)) - s is divided by 4?
3
Suppose 3*t - 3*i = -i + 38, 4*t = 4*i + 48. Let k be 195*-1*2/(-3). Suppose 4*u - k = -u. Calculate the remainder when u is divided by t.
12
Suppose -i - 30 = q - 148, q - 110 = -5*i. Let c = 57 + -16. What is the remainder when q is divided by c?
38
Let y = -45 - -10. Let a be 6/15*5 - y. Suppose -65 = -u + 3*j, -4*j - 247 = -4*u + a. Calculate the remainder when u is divided by 25.
24
Suppose 5*r - c - c - 115 = 0, 5*c = 4*r - 75. Suppose -13*o = -14*o + r. Calculate the remainder when o is divided by 4/5*(-75)/(-6).
5
Suppose 3*d + 4*u - 570 = 782, 0 = 3*d - 5*u - 1307. What is the remainder when d is divided by 18?
12
Let o = -68 - -112. Suppose 5*l + 17 = 3*b - 78, 0 = -3*b + 3*l + 93. Suppose 2*y - 4*y = -b. What is the remainder when o is divided by y?
14
Let o be 0*(-2 - 15/(-6)). Let m(y) = -4 - y**2 + o*y**2 - 5*y - 2*y. What is the remainder when 11 is divided by m(-5)?
5
Let b = 2101 + -2093. What is the remainder when 69 is divided by b?
5
Suppose -10 + 135 = 5*x. Suppose -4*h - 5 = -x. Let w = h - 4. Calculate the remainder when w is divided by 1.
0
Let a be (-7*22/(-6))/((-11)/33). Let r = a + 114. What is the remainder when r is divided by (-1)/(0 + 2/(-26))?
11
Let q(n) = -n**3 + 4*n**2 + 4*n + 23. Calculate the remainder when 393 is divided by q(5).
15
Calculate the remainder when 88 is divided by 10 - (1 + (-16)/4).
10
Let r = -20 + 53. What is the remainder when r is divided by 2 + 7 + (-1 - 2)?
3
Let j = -184 + 201. What is the remainder when 31 is divided by j?
14
Suppose 644 = 12*m + 16*m. What is the remainder when 68 is divided by m?
22
Suppose 3*y = 2*w - 22, -3*w = 5*y + 34 - 105. Let v(n) = n**2 + 9*n + 14. What is the remainder when v(-12) is divided by w?
16
Let h(a) = -5*a - 17. Let c be h(-10). Let i = -16 + c. Let q(d) = 7*d**3 - 3*d**2 + 2*d + 1. Calculate the remainder when q(2) is divided by i.
15
Let y(s) be the third derivative of -2*s**2 + 0*s + 1/12*s**4 - 1/60*s**5 + 1/6*s**3 + 0 - 1/60*s**6. What is the remainder when y(-2) is divided by 6?
3
Let v be (-50)/(-4)*(-224)/(-10). Let w be (-8)/10 - v/25. Calculate the remainder when 3*4/w + 30 is divided by 6.
5
Suppose 18*m = -63 + 387. Let h = -80 + 151. Calculate the remainder when h is divided by m.
17
Let o = -29 - -58. Suppose 742 = -r - 6*r. Let h = -100 - r. Calculate the remainder when o is divided by h.
5
Let m be 2*(-4)/(4/(-1)). Suppose -h - j + 60 = 0, -2*j + 124 = m*h + j. Suppose -11 = 3*b - h. Calculate the remainder when 27 is divided by b.
12
Suppose -4*i = -5*s + 266, 7*i - 11*i - 216 = -4*s. Calculate the remainder when 549 is divided by s.
49
Suppose 3*n = -4*k + 25, -3*n + 4*n - 15 = -3*k. Let w be 3 + 3/12*k. Suppose -i - i = -w. Calculate the remainder when 3 is divided by i.
1
Let c = -327 - -349. Calculate the remainder when c is divided by 3.
1
Let u(s) = -19*s + 143. Calculate the remainder when u(5) is divided by 28.
20
Let r(j) = j**3 + 2*j**2 + 61. Calculate the remainder when 730 is divided by r(0).
59
Let p(j) = -j**3 - 12*j**2 - 6*j - 71. What is the remainder when p(-13) is divided by 72?
32
Suppose -49 = -3*t + 5*n, 2*t - 4*n = 5*t - 31. Let x = -17 - -8. What is the remainder when t is divided by -15*3/x - 0?
3
Suppose 4*d + 3*x = 124, -4*x + 5*x = -2*d + 62. Let b(f) = 14*f - 1. What is the remainder when d is divided by b(1)?
5
Suppose 4*q - b - 180 = 661, 0 = -4*b - 20. Calculate the remainder when q is divided by 30.
29
Let l be (3 + -2)*(-6 - -6). Suppose l = 3*k - 4*t - 34, -92 = 2*k - 6*k - 4*t. Calculate the remainder when k is divided by 10.
8
Let k(c) = -17*c - 558. Calculate the remainder when k(-39) is divided by 24.
9
What is the remainder when 132 is divided by 46 + (-8 + 7)/1?
42
Suppose -6*f = -5*r - 11*f + 255, 5*r - 305 = 5*f. Calculate the remainder when 125 is divided by r.
13
Let p = 260 - 172. Let d = 100 - p. Calculate the remainder when 59 is divided by d.
11
Suppose 5*j - 86 = 5*f - 1, 0 = -3*j - 3*f + 57. Let v = -115 - -103. Let g = v - -19. What is the remainder when j is divided by g?
4
Suppose -4*q + 6*q = 4*r + 20, 4*r = -5*q - 20. Suppose -9*y + 783 = -q*y. Calculate the remainder when y is divided by 23.
18
Suppose 4*b - 8*b = -48. Calculate the remainder when (33/5)/(4/20) is divided by b.
9
Suppose 2*r + 5*l = -r + 41, 2*r = 5*l - 6. Suppose -h + 6*h - 98 = v, 4